{"id":68788,"date":"2022-02-21T15:44:44","date_gmt":"2022-02-21T15:44:44","guid":{"rendered":"http:\/\/litci.org\/arab\/wp-content\/uploads\/2022\/02\/Mulheres-contra-o-fascismo_Manifestaa\u0303o_2018-10-07-1536x1024-1.jpg"},"modified":"2022-02-21T15:44:44","modified_gmt":"2022-02-21T15:44:44","slug":"mulheres-contra-o-fascismo_manifestaa%cc%83o_2018-10-07-1536x1024","status":"inherit","type":"attachment","link":"https:\/\/litci.org\/arab\/mulheres-contra-o-fascismo_manifestaa%cc%83o_2018-10-07-1536x1024\/","title":{"rendered":"Mulheres-contra-o-fascismo_Manifestaa\u0303o_2018-10-07-1536&#215;1024"},"author":1,"comment_status":"closed","ping_status":"closed","template":"","meta":[],"description":{"rendered":"<p class=\"attachment\"><a href='https:\/\/litci.org\/arab\/wp-content\/uploads\/2022\/02\/Mulheres-contra-o-fascismo_Manifestaa\u0303o_2018-10-07-1536x1024-1.jpg'><img loading=\"lazy\" width=\"300\" height=\"200\" src=\"https:\/\/litci.org\/arab\/wp-content\/uploads\/2022\/02\/Mulheres-contra-o-fascismo_Manifestaa\u0303o_2018-10-07-1536x1024-1-300x200.jpg\" class=\"attachment-medium size-medium\" alt=\"\" decoding=\"async\" srcset=\"https:\/\/litci.org\/arab\/wp-content\/uploads\/2022\/02\/Mulheres-contra-o-fascismo_Manifestaa\u0303o_2018-10-07-1536x1024-1-300x200.jpg 300w, https:\/\/litci.org\/arab\/wp-content\/uploads\/2022\/02\/Mulheres-contra-o-fascismo_Manifestaa\u0303o_2018-10-07-1536x1024-1-1024x683.jpg 1024w, https:\/\/litci.org\/arab\/wp-content\/uploads\/2022\/02\/Mulheres-contra-o-fascismo_Manifestaa\u0303o_2018-10-07-1536x1024-1-768x512.jpg 768w, https:\/\/litci.org\/arab\/wp-content\/uploads\/2022\/02\/Mulheres-contra-o-fascismo_Manifestaa\u0303o_2018-10-07-1536x1024-1-150x100.jpg 150w, https:\/\/litci.org\/arab\/wp-content\/uploads\/2022\/02\/Mulheres-contra-o-fascismo_Manifestaa\u0303o_2018-10-07-1536x1024-1-696x464.jpg 696w, https:\/\/litci.org\/arab\/wp-content\/uploads\/2022\/02\/Mulheres-contra-o-fascismo_Manifestaa\u0303o_2018-10-07-1536x1024-1-1068x712.jpg 1068w, https:\/\/litci.org\/arab\/wp-content\/uploads\/2022\/02\/Mulheres-contra-o-fascismo_Manifestaa\u0303o_2018-10-07-1536x1024-1.jpg 1536w\" sizes=\"(max-width: 300px) 100vw, 300px\" \/><\/a><\/p>\n"},"caption":{"rendered":"<p>Manifestaci\u00f3n de #EleN\u00e3o en S\u00e3o Paulo, en octubre de 2018.<\/p>\n"},"alt_text":"","media_type":"image","mime_type":"image\/jpeg","media_details":{"width":1536,"height":1024,"file":"2022\/02\/Mulheres-contra-o-fascismo_Manifestaa\u0303o_2018-10-07-1536x1024-1.jpg","sizes":{"medium":{"file":"Mulheres-contra-o-fascismo_Manifestaa\u0303o_2018-10-07-1536x1024-1-300x200.jpg","width":300,"height":200,"mime_type":"image\/jpeg","source_url":"https:\/\/litci.org\/arab\/wp-content\/uploads\/2022\/02\/Mulheres-contra-o-fascismo_Manifestaa\u0303o_2018-10-07-1536x1024-1-300x200.jpg"},"large":{"file":"Mulheres-contra-o-fascismo_Manifestaa\u0303o_2018-10-07-1536x1024-1-1024x683.jpg","width":1024,"height":683,"mime_type":"image\/jpeg","source_url":"https:\/\/litci.org\/arab\/wp-content\/uploads\/2022\/02\/Mulheres-contra-o-fascismo_Manifestaa\u0303o_2018-10-07-1536x1024-1-1024x683.jpg"},"thumbnail":{"file":"Mulheres-contra-o-fascismo_Manifestaa\u0303o_2018-10-07-1536x1024-1-150x150.jpg","width":150,"height":150,"mime_type":"image\/jpeg","source_url":"https:\/\/litci.org\/arab\/wp-content\/uploads\/2022\/02\/Mulheres-contra-o-fascismo_Manifestaa\u0303o_2018-10-07-1536x1024-1-150x150.jpg"},"medium_large":{"file":"Mulheres-contra-o-fascismo_Manifestaa\u0303o_2018-10-07-1536x1024-1-768x512.jpg","width":768,"height":512,"mime_type":"image\/jpeg","source_url":"https:\/\/litci.org\/arab\/wp-content\/uploads\/2022\/02\/Mulheres-contra-o-fascismo_Manifestaa\u0303o_2018-10-07-1536x1024-1-768x512.jpg"},"td_150x0":{"file":"Mulheres-contra-o-fascismo_Manifestaa\u0303o_2018-10-07-1536x1024-1-150x100.jpg","width":150,"height":100,"mime_type":"image\/jpeg","source_url":"https:\/\/litci.org\/arab\/wp-content\/uploads\/2022\/02\/Mulheres-contra-o-fascismo_Manifestaa\u0303o_2018-10-07-1536x1024-1-150x100.jpg"},"td_218x150":{"file":"Mulheres-contra-o-fascismo_Manifestaa\u0303o_2018-10-07-1536x1024-1-218x150.jpg","width":218,"height":150,"mime_type":"image\/jpeg","source_url":"https:\/\/litci.org\/arab\/wp-content\/uploads\/2022\/02\/Mulheres-contra-o-fascismo_Manifestaa\u0303o_2018-10-07-1536x1024-1-218x150.jpg"},"td_300x0":{"file":"Mulheres-contra-o-fascismo_Manifestaa\u0303o_2018-10-07-1536x1024-1-300x200.jpg","width":300,"height":200,"mime_type":"image\/jpeg","source_url":"https:\/\/litci.org\/arab\/wp-content\/uploads\/2022\/02\/Mulheres-contra-o-fascismo_Manifestaa\u0303o_2018-10-07-1536x1024-1-300x200.jpg"},"td_324x400":{"file":"Mulheres-contra-o-fascismo_Manifestaa\u0303o_2018-10-07-1536x1024-1-324x400.jpg","width":324,"height":400,"mime_type":"image\/jpeg","source_url":"https:\/\/litci.org\/arab\/wp-content\/uploads\/2022\/02\/Mulheres-contra-o-fascismo_Manifestaa\u0303o_2018-10-07-1536x1024-1-324x400.jpg"},"td_485x360":{"file":"Mulheres-contra-o-fascismo_Manifestaa\u0303o_2018-10-07-1536x1024-1-485x360.jpg","width":485,"height":360,"mime_type":"image\/jpeg","source_url":"https:\/\/litci.org\/arab\/wp-content\/uploads\/2022\/02\/Mulheres-contra-o-fascismo_Manifestaa\u0303o_2018-10-07-1536x1024-1-485x360.jpg"},"td_696x0":{"file":"Mulheres-contra-o-fascismo_Manifestaa\u0303o_2018-10-07-1536x1024-1-696x464.jpg","width":696,"height":464,"mime_type":"image\/jpeg","source_url":"https:\/\/litci.org\/arab\/wp-content\/uploads\/2022\/02\/Mulheres-contra-o-fascismo_Manifestaa\u0303o_2018-10-07-1536x1024-1-696x464.jpg"},"td_1068x0":{"file":"Mulheres-contra-o-fascismo_Manifestaa\u0303o_2018-10-07-1536x1024-1-1068x712.jpg","width":1068,"height":712,"mime_type":"image\/jpeg","source_url":"https:\/\/litci.org\/arab\/wp-content\/uploads\/2022\/02\/Mulheres-contra-o-fascismo_Manifestaa\u0303o_2018-10-07-1536x1024-1-1068x712.jpg"},"full":{"file":"Mulheres-contra-o-fascismo_Manifestaa\u0303o_2018-10-07-1536x1024-1.jpg","width":1536,"height":1024,"mime_type":"image\/jpeg","source_url":"https:\/\/litci.org\/arab\/wp-content\/uploads\/2022\/02\/Mulheres-contra-o-fascismo_Manifestaa\u0303o_2018-10-07-1536x1024-1.jpg"}},"image_meta":{"aperture":"0","credit":"","camera":"","caption":"","created_timestamp":"0","copyright":"","focal_length":"0","iso":"0","shutter_speed":"0","title":"","orientation":"0","keywords":[]}},"post":null,"source_url":"https:\/\/litci.org\/arab\/wp-content\/uploads\/2022\/02\/Mulheres-contra-o-fascismo_Manifestaa\u0303o_2018-10-07-1536x1024-1.jpg","_links":{"self":[{"href":"https:\/\/litci.org\/arab\/wp-json\/wp\/v2\/media\/68788"}],"collection":[{"href":"https:\/\/litci.org\/arab\/wp-json\/wp\/v2\/media"}],"about":[{"href":"https:\/\/litci.org\/arab\/wp-json\/wp\/v2\/types\/attachment"}],"author":[{"embeddable":true,"href":"https:\/\/litci.org\/arab\/wp-json\/wp\/v2\/users\/1"}],"replies":[{"embeddable":true,"href":"https:\/\/litci.org\/arab\/wp-json\/wp\/v2\/comments?post=68788"}]}}

<p>Manifestación de #EleNão en São Paulo, en octubre de 2018.</p>
